sor of q and n?
22
Let w = -41 + 53. Let r = 270 + -162. What is the highest common factor of w and r?
12
Suppose 0 = -2*o + 74 + 204. Let q = 8 + o. What is the greatest common factor of q and 21?
21
Let v(u) = u**3 + 8*u**2 + 9*u + 7. Let h be v(-7). Let z = h + 11. Suppose 0 = -m + g + 9 + 10, 2*m - 68 = -z*g. What is the highest common factor of 6 and m?
6
Let y = 14 + -5. Suppose 5*b + l = 10, 4*b - 32 = 3*l - 5. Let m be 23 - (1 + 1) - b. What is the highest common factor of y and m?
9
Suppose 5*b - 5*h + 3 = 8, -b + 5*h - 15 = 0. Let d = 9 - b. Calculate the highest common factor of 1 and d.
1
Let u = 78 - 72. What is the highest common factor of 174 and u?
6
Suppose 0*b = 3*b. Suppose i - 16 = -3*i. Suppose i*p - p - 132 = b. What is the greatest common factor of p and 22?
22
Suppose 125*c + 36 = 131*c. What is the greatest common divisor of c and 246?
6
Let s = 17 - -1. Let j = 11 - 6. Let o = j - 3. What is the greatest common factor of s and o?
2
Suppose 2*l + 2*o = 168, -2*l - o = -5*l + 256. What is the highest common divisor of 34 and l?
17
Let w be 6/4*(-42)/(-9). What is the greatest common divisor of 21 and w?
7
Suppose 5 = -3*g - 10. Let m = 8 + g. Suppose -2 = 2*d, m*b - 43 = -b - 5*d. What is the greatest common divisor of b and 108?
12
Let f be 2*21 - (0 - 2). What is the greatest common divisor of 66 and f?
22
Let g be 10 + ((-4)/2 - -3). Suppose -3*b + g = -85. Calculate the highest common factor of 8 and b.
8
Let d be (-5)/(-15)*-3 - 12/(-3). Let v be 4/16 - (-11)/4. What is the highest common divisor of d and v?
3
Suppose 0*v - 20 = -5*m - 3*v, 0 = -5*m - v + 10. Let r = 0 - m. Let i be r/(-2) - 29/(-2). Calculate the greatest common divisor of 5 and i.
5
Suppose 0 = -4*f - f + 585. What is the highest common factor of f and 9?
9
Let k = -73 + 86. Calculate the greatest common factor of k and 104.
13
Let x = 441 - 166. Calculate the highest common divisor of 25 and x.
25
Let l be 52/9 + (-2)/(-9). Let n = 46 - 28. Calculate the highest common factor of l and n.
6
Suppose -131 = -4*d + 37. Let w = -20 + d. Calculate the highest common divisor of 55 and w.
11
Let x = -54 + 89. Calculate the highest common factor of x and 105.
35
Suppose -5*w - 15 = 0, -16 = -3*v + v + 4*w. Let b(z) = 3*z**2 - 2*z. Let x be b(v). What is the greatest common divisor of 2 and x?
2
Suppose q = -2 + 43. What is the highest common divisor of q and 41?
41
Let d be (-1)/3 + (-8)/3. Let v = d + 14. Let n = 25 + 19. Calculate the highest common divisor of n and v.
11
Suppose 5*c + 0*c + 65 = 0. Let y = 20 + c. What is the greatest common factor of 49 and y?
7
Let j = -11 + 13. Calculate the greatest common divisor of j and 14.
2
Let b(y) = 2*y - 6. Let a be b(4). Suppose -m + a*m + s = 67, 5*m + s - 347 = 0. Calculate the greatest common divisor of m and 14.
14
Let q = -22 - -37. Let t = q + -9. What is the highest common factor of t and 66?
6
Let a = -62 - -88. Calculate the highest common divisor of a and 104.
26
Suppose 10*c + 10 = 11*c. Calculate the highest common factor of 70 and c.
10
Let i(n) = -n - 3. Let f be i(-4). Suppose -25 = -3*k - f. Calculate the highest common divisor of 2 and k.
2
Let w be (0/1 + -1)*0. Suppose -2*u + u + 5 = w. Suppose -15 = 3*f, 10*f + 19 = -2*y + u*f. What is the highest common divisor of 3 and y?
3
Let j = 13 - 9. Calculate the greatest common factor of 12 and j.
4
Suppose -2*r + 39 = r. Let v be (r + -1)*(-12)/(-9). What is the highest common divisor of v and 80?
16
Suppose -3*o + 1 + 5 = 0. Suppose -o*d = -2 - 0. Calculate the greatest common factor of d and 8.
1
Let b(p) = 3*p**2 + 3*p + 4. Let k be b(-7). Calculate the greatest common divisor of 26 and k.
26
Let q be (-11 + -3)*(-5)/10. What is the greatest common divisor of q and 35?
7
Let i(h) = h**2 - 6*h - 2. Let c be i(7). Suppose 0 = -5*l + c*f + 25, l = -0*l - 5*f - 1. What is the greatest common divisor of 40 and l?
4
Let t(p) = p**3 + 6*p**2 + 3*p - 2. Let b be t(-2). Calculate the highest common divisor of 12 and b.
4
Let k be (-329)/(-105) - (-8)/(-60). Calculate the greatest common divisor of 33 and k.
3
Suppose -5*t - 3*t = -1320. Calculate the highest common divisor of 30 and t.
15
Suppose -g - 60 = -4*g - t, -4*g + 4*t + 80 = 0. Calculate the greatest common factor of g and 10.
10
Suppose 0 = h - k - 94, h + h + 5*k = 167. What is the greatest common factor of 13 and h?
13
Let m(l) = -2 + 2 + 2*l + 38*l**2 + 19*l**2 + 1. Let t be m(-1). What is the highest common factor of 8 and t?
8
Let t = 66 - 39. Calculate the highest common factor of 36 and t.
9
Let s = -45 - -73. What is the greatest common factor of s and 7?
7
Let o(f) = 17*f - 4. Let g be o(-6). Let j = g - -190. Calculate the highest common divisor of 12 and j.
12
Let h(r) = r + 12. Let l(g) = -g - 13. Let p(q) = 5*h(q) + 4*l(q). Let w be p(4). Calculate the highest common divisor of 108 and w.
12
Suppose 0*f + 4*f + 4*q = -24, 5*f = 4*q - 12. Let c be (-33)/(-55) + f/(-10). Calculate the greatest common divisor of c and 4.
1
Let h be 39 - 2/(-1 - 1). Suppose 0*o = 4*o - h. Calculate the greatest common factor of o and 40.
10
Let q = -102 - -44. Let b be ((-6)/(-12))/((-1)/q). Let r = 55 - b. Calculate the highest common divisor of r and 104.
26
Let u = -3 - -6. Let d be (28 - -3 - -3) + u. Suppose -5*c = -d - 23. Calculate the highest common divisor of 12 and c.
12
Suppose -3*s - s = -8. What is the greatest common divisor of 18 and s?
2
Suppose 4*p = 2*u + 46, -5*p + p + 40 = 4*u. Let q = -57 - -101. Calculate the greatest common divisor of p and q.
11
Let o = 13 + -10. Suppose -o*h = -57 + 12. What is the greatest common factor of h and 15?
15
Suppose 2*f = -f + 180. Suppose -2*l + 13 + 27 = 0. Calculate the greatest common divisor of l and f.
20
Let s = -4 - -4. Let b = -2 - -9. Suppose 5*u = 2*c - b - 19, u - 2 = s. Calculate the highest common divisor of c and 6.
6
Let y(z) = 7*z**2 + 2*z. Let v be y(3). Suppose -2*m + 3*j = -31, 5*m + j + 2*j - 130 = 0. What is the highest common factor of m and v?
23
Let g(s) = -2*s**2 + s + 1. Let v be g(-1). Let m be (-51)/(3*1/v). Calculate the highest common factor of m and 85.
17
Let z(c) = -c**3 + c**2 + 3*c. Let v be z(-4). Let s = v - 26. Calculate the greatest common factor of 6 and s.
6
Let c = 5 - -5. What is the highest common factor of 5 and c?
5
Let c(a) = -2*a + 1. Let g be c(-5). Let p be ((-7)/(-3))/((-2)/(-6)). Suppose -p*r + 264 = -3*r. What is the greatest common divisor of g and r?
11
Let f(m) = m**3 - 2*m - 3. Let p be f(3). Calculate the highest common factor of 54 and p.
18
Let k be (2 + -455)*(-4)/(-12). Let s = 272 + k. Calculate the highest common divisor of 11 and s.
11
Let n be ((-4)/(-14))/(5/35). Let q be (36/7)/n*7. Suppose 3*g + 4*a - 44 + 9 = 0, 0 = 2*a - 4. What is the greatest common divisor of q and g?
9
Let w(r) be the second derivative of r**4/6 + r**3/3 + 2*r**2 + 3*r. Let a be w(6). What is the highest common divisor of a and 8?
8
Suppose -3*u = -u + 5*x + 4, 28 = 4*u + x. Suppose -15 = -5*f + 5*b, 6*f + b = 4*f + 21. Calculate the highest common divisor of u and f.
8
Let d(g) = -g**3 + 5*g**2 + 5*g + 3. Let n be d(6). Let k be 228*-4*n/16. What is the highest common divisor of k and 19?
19
Let o = -19 - -37. What is the greatest common divisor of 45 and o?
9
Let o = 1 + 1. Let q(g) = -g**2 + 8*g - 4. Let d be q(4). Suppose d = 4*f + 2*f. Calculate the greatest common factor of o and f.
2
Let f = 141 + -71. Let v = f + -20. Let x be v/4 + (-18)/12. Calculate the greatest common factor of x and 22.
11
Suppose -d = -5*d + 68. What is the highest common factor of 85 and d?
17
Suppose 1127 = 4*v + 147. Calculate the highest common divisor of v and 98.
49
Let v = 3 + 3. Calculate the highest common factor of 12 and v.
6
Suppose 0 = -6*c + 2*c + 3*z + 131, 107 = 3*c - 4*z. What is the highest common divisor of c and 87?
29
Suppose -6*b - 10 = -7*b. Let f = b + -2. Calculate the highest common factor of f and 1.
1
Suppose -28 = -l - 3*m, 6*m = 3*l + 2*m - 71. What is the highest common factor of l and 50?
25
Let q = -4 - -7. Let p(y) = y**2 - 4*y + 9. Let z be p(6). Let b = q + z. Calculate the greatest common divisor of 6 and b.
6
Let v(l) = l**2 - l - 1. Let j be 1/(6/3 - 1). Let x = j + -4. Let z b